, 7
Let b(r) = 3*r - 17. Let v be b(5). Let j = v + 11. Let w = j - -7. List the prime factors of w.
2
Suppose 15*j - 16*j = 0. Let u = j + 10. Suppose -u - 62 = -3*c. What are the prime factors of c?
2, 3
Let p = 33 + -36. Let l = p - -204. List the prime factors of l.
3, 67
Suppose -8*j + 0 = -0. Suppose j = -l + 16 + 117. List the prime factors of l.
7, 19
Let w be 348/(-12)*5*-1. Suppose -3*x = -4*j - w, 0*j = -j - 1. List the prime factors of x.
47
Let f be 34/12 - (-3)/18. What are the prime factors of 261 + 68/51*f/2?
263
Let h(p) = -8 + 2 + p**3 + 6 - 7*p**2. List the prime factors of h(8).
2
Let u = -357 - 0. Let d = u - -517. What are the prime factors of d?
2, 5
Suppose 88*i + 4*t + 469 = 89*i, -2 = t. List the prime factors of i.
461
Let a(k) = -7*k - 1476 - 4*k + 1532. What are the prime factors of a(-5)?
3, 37
Let v be 2/4*2 - 281. Let z be ((-20)/4)/10*8. What are the prime factors of z/6 + v/(-15)?
2, 3
Let y = 6036 + -3739. List the prime factors of y.
2297
Let x be -16*(-5)/((-10)/(-6)). Let m = 108 - x. Suppose 0 = -5*z + 9*z - m. List the prime factors of z.
3, 5
Let a(i) = -2*i - 6. Suppose -3*m + 10 = -2*f, -2*m - 5 = f - m. Let q be a(f). What are the prime factors of -111*(q - 1)/(-9)?
37
Suppose -66*a + 67*a = 270. List the prime factors of a.
2, 3, 5
Let h(i) be the first derivative of i**4/4 - i**2 + 3*i - 6. Let g(k) = -k**3 - 3*k**2 + 2*k - 5. Let u be g(-4). List the prime factors of h(u).
2, 3
What are the prime factors of (-5)/1 + (-53824)/(-29)?
3, 617
Suppose 9*x = 28847 + 1969. What are the prime factors of x?
2, 107
Let g(k) = k**2 - 6*k - 14. Suppose -6*n + 162 = -30. Suppose -4*j = -2*d - n, -3*d - 2 = j - 24. What are the prime factors of g(j)?
2, 13
Let n(s) = -s**3 - 31*s**2 + 29*s - 43. List the prime factors of n(-33).
2, 19, 31
Suppose 4*c - 80 = -5*g, -c - 43 = 3*g - 7*g. What are the prime factors of -5*3*g/(-20)?
3
Let l be (-4)/8 - 937/(-2). Let u = -2 + -2. What are the prime factors of l/(-45)*10/u?
2, 13
Let s = -24 - -41. Let k(t) = 5*t + s + t - 3*t - 4*t. List the prime factors of k(12).
5
What are the prime factors of 3 - (-1)/(1 + 1676/(-1678))?
2, 421
Let v = -166 - -176. Suppose -3*h + 8 = 5*j - 2, 5*j - 3*h - 40 = 0. What are the prime factors of 25/v*34/j?
17
Let u be (-4 + 4)/(3/(-3)). Suppose 0 = 3*f - 5*o - 44, 3*f - o + u*o - 40 = 0. What are the prime factors of f?
13
Let f(d) = 73*d - 278. List the prime factors of f(16).
2, 5, 89
Suppose -3*u - 12 = 0, 5*u - 4 = -4*j + 3*u. Suppose -j*i + 2*i = -145. List the prime factors of i.
5, 29
Suppose 4*u + 5444 = 2*j, -j = u + 282 - 3013. What are the prime factors of j?
2, 11, 31
Suppose -2820 = -3*n + 5*c, -5*n - 2*c + 1456 = -3275. What are the prime factors of n?
3, 5, 7
Let t = 32 + -32. Suppose t - 4 = -i. Suppose -33 = i*z - 5*z. What are the prime factors of z?
3, 11
Suppose -379*u = -374*u - 3500. What are the prime factors of u?
2, 5, 7
Let o = -349 + 920. List the prime factors of o.
571
Suppose -5*j - 3*l + 9666 = 0, -2*j + 3876 = -137*l + 135*l. What are the prime factors of j?
3, 5, 43
Let g(r) = 50*r + 2121. List the prime factors of g(0).
3, 7, 101
Let n be -3 + (-30)/(-4)*30. Suppose -5*f = -n + 37. List the prime factors of f.
37
Suppose 4*s = 4*d - 7*d + 75, 2*d = -4*s + 70. Let g = s - -6. What are the prime factors of g?
3, 7
Let y(l) = -2*l**3 - 15*l**2 - 4*l - 5. Let r be y(-7). Let c = 47 + r. List the prime factors of c.
3, 7
Suppose 2*j - 90 = 1768. What are the prime factors of j?
929
Suppose 3*u - 2 - 7 = 0. Suppose -4*k - 16 = -4*l, u*l - 8*l = -4*k - 20. Suppose 5*y + 69 - 324 = k. List the prime factors of y.
3, 17
Let l(k) = -k**2 + 5*k + 4. Let v be l(-3). Let q = 42 + v. Let c = q - -3. What are the prime factors of c?
5
Let g(y) = -y - 2 + 84*y**2 - 5*y**3 - 19*y**3 + 0*y - 82*y**2. List the prime factors of g(-1).
5
Suppose 10*m + 3*u + 1092 = 15*m, -2*m = 3*u - 441. List the prime factors of m.
3, 73
Let s(y) = 11*y + 15. Let t be s(0). Suppose -17*u + 60 = -t*u. What are the prime factors of u?
2, 3, 5
Suppose 4*a - 49 = -5*c + 3*a, -4*a = c - 25. Let y(x) = 5*x - 3*x + 2*x - 9. What are the prime factors of y(c)?
3
Suppose 0 = -k + v + 43, -5*k - v = -108 - 83. Suppose 0 = 4*q + 2*f - 642, 2*q + 2*f - k - 285 = 0. List the prime factors of q.
3, 53
What are the prime factors of 189*(52/12 + -4)?
3, 7
Suppose 0 = -a - 4*a - 570. Suppose 5*s = 2*s - b - 506, 0 = -5*s + b - 830. Let r = a - s. List the prime factors of r.
53
Let j = 76 - -148. Suppose 0 = -4*w - 4*u + 560, -j + 819 = 4*w - 3*u. What are the prime factors of w?
5, 29
Suppose -2*l = 4*b - 3*b - 165, -250 = -3*l - 2*b. Suppose -8*o + 12*o - l = 0. What are the prime factors of o?
2, 5
What are the prime factors of 2/(-7) - (-9705)/35?
277
Suppose -10*q + 2736 = 9*q. What are the prime factors of q?
2, 3
Let i(o) = -o**2 - 28*o + 3. Let x be i(-25). Suppose -11 = -5*y + 9. Suppose 10 = y*w - x. What are the prime factors of w?
2, 11
Let m(l) = 202*l**2 + 3*l + 2. Let b be m(-1). Let j = -142 + b. Suppose 5*z - 5 = -p + 2*z, -z - j = -4*p. List the prime factors of p.
2, 7
Suppose a + 3*t - 121 = 0, 0*a = -2*a + 5*t + 242. Let z(j) = j**3 - 17*j**2 - 18*j + 4. Let s be z(18). Suppose -s*q = 17 - a. List the prime factors of q.
2, 13
Suppose -48*c + 30*c = -36. Suppose 4*h - 14 = 14. Suppose -c*d + h + 3 = 0. List the prime factors of d.
5
Let d = -12 - -17. Suppose t - d*f + 169 = 0, f - 160 = t - f. List the prime factors of (t/35)/((-1)/10).
2, 11
Suppose -3*o = -5*o + 4. Suppose v - o - 2 = 0. Suppose -v = 2*s, 5*s + 23 = 2*z - z. List the prime factors of z.
13
Suppose -8*w = -1162 - 582. Suppose -4*b + 82 = -w. What are the prime factors of b?
3, 5
Let k(z) = -z**3 - 36*z**2 + 26*z - 67. List the prime factors of k(-37).
2, 5, 17
Let c = 124 + -97. Let n(z) = -z**3 + 27*z**2 + z + 28. What are the prime factors of n(c)?
5, 11
Let v(m) = 8 - m + m - m. List the prime factors of v(-12).
2, 5
Let o = 346 + -44. What are the prime factors of o?
2, 151
Suppose 38*t + 3158 = 69316. List the prime factors of t.
1741
Suppose -3*i + 301 = -2*p, -679 + 172 = -5*i + 2*p. List the prime factors of i.
103
Let t(n) = -n**2 - 10*n - 16. Let x be t(-8). Suppose x = 3*v + 4*v - 483. List the prime factors of v.
3, 23
Let w(d) = 3*d + d + 17 - 5*d + 34. What are the prime factors of w(-16)?
67
Suppose 3*v = 4*o - 8, 0*o - v - 8 = -4*o. Suppose 3*c - 456 = 3*a, -o*c + 2*a + 2*a = -296. What are the prime factors of c?
2, 3, 13
Let f(d) = -3 + 5 + 4 - 3 - d. Let b be f(3). Suppose b*s + 3*s = 96. List the prime factors of s.
2
Suppose 72 = 7*w - 96. Let o = w - -127. What are the prime factors of o?
151
Suppose p = -3*j - 164 + 453, 0 = -3*p + 5*j + 839. List the prime factors of p.
283
Suppose -5*m = -5, -4*m + 6 = s - 0. Suppose 0 = -2*t - 3*a + 105, 0 = a + 7 - s. What are the prime factors of t?
2, 3, 5
What are the prime factors of (-10)/(-15)*(-54576)/(24/(-4))?
2, 379
Let w(d) = -2*d**3 - 20*d**2 + 2*d - 31. What are the prime factors of w(-11)?
3, 7
Let f(x) = x**3 - 9*x**2 - 14*x + 8. Let g be f(10). Let r = -22 - g. What are the prime factors of (-165)/r*(-8)/6?
2, 11
Let h be ((-7)/(-4))/((-10)/40). Let z = 10 + h. Suppose -176 = -z*i - i. List the prime factors of i.
2, 11
Let y(a) = a**3 + 47*a**2 + 198*a + 76. List the prime factors of y(-39).
2, 7, 17, 19
What are the prime factors of (-236)/(-6) - 4/(-6)?
2, 5
Let v = -1338 - -4954. What are the prime factors of v?
2, 113
Let h = 108 - 63. What are the prime factors of h?
3, 5
Suppose 2*v = 4*v - 2*w - 6, -11 = -4*v + 5*w. Suppose 3*j - 626 = -5*l, -v*l - j + 352 = -153. List the prime factors of l.
127
Let r(y) be the third derivative of -17/24*y**4 + 0 - 4*y**2 - 5/2*y**3 + 0*y - 1/60*y**5. List the prime factors of r(-14).
3
Let l = 813 + 0. What are the prime factors of l?
3, 271
Let k = 109 - 44. Let m be (-2)/13 - (-10)/k. Suppose 8*b - 6*b - 4 = m. What are the prime factors of b?
2
Let d(o) be the third derivative of o**5/60 + o**4/4 + 5*o**3/3 + 10*o**2. List the prime factors of d(-8).
2, 13
Let p be 14/84 - (-1)/(-6). Suppose p*f - 2*f = -164. List the prime factors of f.
2, 41
Let a = 11 + 94. Let u = 14 + a. What are the prime factors of u?
7, 17
What are the prime fact